{"id":8203,"date":"2023-10-26T00:34:20","date_gmt":"2023-10-25T20:34:20","guid":{"rendered":"https:\/\/gotitarojabolivia.org.bo\/?post_type=product&#038;p=8203"},"modified":"2025-12-06T06:24:21","modified_gmt":"2025-12-06T02:24:21","slug":"bolsa-de-paneton","status":"publish","type":"product","link":"https:\/\/gotitarojabolivia.org.bo\/?product=bolsa-de-paneton","title":{"rendered":"Frasco de Galletas"},"content":{"rendered":"<p>Tama\u00f1o: 16 x 25 x 10 cm aprox<\/p>\n<p>Dise\u00f1o Frasco de galletas Reno<\/p>\n<p>Frasco de galletas Papanoel<\/p>\n<p>Frasco de galletas Mu\u00f1eco de Nieve<\/p>\n","protected":false},"excerpt":{"rendered":"<p>Tama\u00f1o: 16 x 25 x 10 cm aprox Dise\u00f1o Frasco de galletas Reno Frasco de galletas Papanoel Frasco de galletas Mu\u00f1eco de Nieve<\/p>\n","protected":false},"featured_media":0,"template":"","meta":{"_mi_skip_tracking":false,"neve_meta_sidebar":"","neve_meta_container":"","neve_meta_enable_content_width":"off","neve_meta_content_width":100,"neve_meta_title_alignment":"","neve_meta_author_avatar":"","neve_post_elements_order":"","neve_meta_disable_header":"","neve_meta_disable_footer":"","neve_meta_disable_title":"","_themeisle_gutenberg_block_has_review":false,"_ti_tpc_template_sync":false,"_ti_tpc_template_id":""},"product_brand":[],"product_cat":[42],"product_tag":[],"class_list":{"0":"post-8203","1":"product","2":"type-product","3":"status-publish","5":"product_cat-navidad-2023","7":"first","8":"instock","9":"shipping-taxable","10":"purchasable","11":"product-type-simple"},"jetpack_sharing_enabled":true,"_links":{"self":[{"href":"https:\/\/gotitarojabolivia.org.bo\/index.php?rest_route=\/wp\/v2\/product\/8203","targetHints":{"allow":["GET"]}}],"collection":[{"href":"https:\/\/gotitarojabolivia.org.bo\/index.php?rest_route=\/wp\/v2\/product"}],"about":[{"href":"https:\/\/gotitarojabolivia.org.bo\/index.php?rest_route=\/wp\/v2\/types\/product"}],"wp:attachment":[{"href":"https:\/\/gotitarojabolivia.org.bo\/index.php?rest_route=%2Fwp%2Fv2%2Fmedia&parent=8203"}],"wp:term":[{"taxonomy":"product_brand","embeddable":true,"href":"https:\/\/gotitarojabolivia.org.bo\/index.php?rest_route=%2Fwp%2Fv2%2Fproduct_brand&post=8203"},{"taxonomy":"product_cat","embeddable":true,"href":"https:\/\/gotitarojabolivia.org.bo\/index.php?rest_route=%2Fwp%2Fv2%2Fproduct_cat&post=8203"},{"taxonomy":"product_tag","embeddable":true,"href":"https:\/\/gotitarojabolivia.org.bo\/index.php?rest_route=%2Fwp%2Fv2%2Fproduct_tag&post=8203"}],"curies":[{"name":"wp","href":"https:\/\/api.w.org\/{rel}","templated":true}]}}